{"id":1703,"date":"2018-03-02T20:02:38","date_gmt":"2018-03-02T19:02:38","guid":{"rendered":"https:\/\/www.sogexcube.com\/?page_id=1703"},"modified":"2018-04-06T10:47:05","modified_gmt":"2018-04-06T08:47:05","slug":"operation-concentration","status":"publish","type":"page","link":"https:\/\/www.sogexcube.com\/index.php\/missions\/operation-concentration\/","title":{"rendered":"Op\u00e9ration de concentration"},"content":{"rendered":"<p>[vc_row css=\u00a0\u00bb.vc_custom_1451991003825{margin-bottom: 100px !important;}\u00a0\u00bb][vc_column offset=\u00a0\u00bbvc_col-lg-9 vc_col-md-9&Prime;][vc_column_text css=\u00a0\u00bb.vc_custom_1523004402298{margin-top: 40px !important;}\u00a0\u00bb]<\/p>\n<h3 style=\"text-align: justify;\"><span style=\"font-size: 18pt;\">Op\u00e9ration de concentration<\/span><\/h3>\n<p>&nbsp;<\/p>\n<p style=\"text-align: justify;\"><span style=\"font-family: helvetica, arial, sans-serif; font-size: 12pt;\">Dans une entreprise concern\u00e9e par une op\u00e9ration de concentration (fusion, prise de contr\u00f4le), le comit\u00e9 d\u2019entreprise a la possibilit\u00e9 de recourir \u00e0 l\u2019assistance d\u2019un expert pour l\u2019\u00e9clairer sur cette op\u00e9ration. Pour comprendre les enjeux et cons\u00e9quences possibles d\u2019une telle op\u00e9ration, le cabinet SOGEX CUBE va s\u2019attacher \u00e0 conduire ses investigations \u00e0 un niveau pertinent, soit sur l\u2019ensemble des entit\u00e9s \u00e9conomiques qui sont affect\u00e9es directement ou indirectement par l\u2019op\u00e9ration, comme la loi le pr\u00e9voit.<\/span><\/p>\n<p style=\"text-align: justify;\"><span style=\"font-family: helvetica, arial, sans-serif; font-size: 12pt;\">L\u2019expert-comptable dispose d\u2019un d\u00e9lai de huit jours \u00e0 compter de la notification de la d\u00e9cision de l\u2019Autorit\u00e9 de la concurrence ou de la Commission europ\u00e9enne, sachant que les conclusions de ce rapport seront examin\u00e9es au cours de la deuxi\u00e8me r\u00e9union du comit\u00e9 organis\u00e9e \u00e0 cette occasion.<\/span><\/p>\n<p style=\"text-align: justify;\"><span style=\"font-size: 12pt; font-family: helvetica, arial, sans-serif;\">Il s\u2019agit l\u00e0 d\u2019une mission l\u00e9gale. Le financement est pris en charge \u00e0 80% par la direction de l\u2019entreprise.<\/span><\/p>\n<p>&nbsp;<\/p>\n<p style=\"text-align: justify;\"><span style=\"font-family: helvetica, arial, sans-serif; font-size: 12pt;\"><strong>Le cadre juridique :<\/strong> <\/span><br \/>\n<span style=\"font-family: helvetica, arial, sans-serif; font-size: 12pt;\">\u2022 Article L. 2323-20 du Code du travail<\/span><br \/>\n<span style=\"font-family: helvetica, arial, sans-serif; font-size: 12pt;\">\u2022 Articles L. 2323-35 \u00c0 -45 et L. 2325-35 du Code du travail <\/span><br \/>\n<span style=\"font-family: helvetica, arial, sans-serif; font-size: 12pt;\">\u2022 L\u2019expert a acc\u00e8s aux documents de toutes les soci\u00e9t\u00e9s int\u00e9ress\u00e9es par l\u2019op\u00e9ration (article L. 2325-37)<\/span><\/p>\n<p>&nbsp;<\/p>\n<p>[\/vc_column_text][stm_post_bottom][\/vc_column][vc_column width=\u00a0\u00bb1\/4&Prime; offset=\u00a0\u00bbvc_hidden-sm vc_hidden-xs\u00a0\u00bb][stm_sidebar sidebar=\u00a0\u00bb1740&Prime;][\/vc_column][\/vc_row]<\/p>\n","protected":false},"excerpt":{"rendered":"<p>[vc_row css=\u00a0\u00bb.vc_custom_1451991003825{margin-bottom: 100px !important;}\u00a0\u00bb][vc_column offset=\u00a0\u00bbvc_col-lg-9 vc_col-md-9&Prime;][vc_column_text css=\u00a0\u00bb.vc_custom_1523004402298{margin-top: 40px !important;}\u00a0\u00bb] Op\u00e9ration de concentration &nbsp; Dans une entreprise concern\u00e9e par une op\u00e9ration de concentration (fusion, prise de contr\u00f4le), le comit\u00e9 d\u2019entreprise a la possibilit\u00e9 de recourir \u00e0 l\u2019assistance d\u2019un expert pour l\u2019\u00e9clairer sur cette op\u00e9ration. Pour comprendre les enjeux et cons\u00e9quences possibles d\u2019une telle op\u00e9ration, le cabinet<\/p>\n","protected":false},"author":1,"featured_media":0,"parent":1653,"menu_order":0,"comment_status":"closed","ping_status":"closed","template":"","meta":{"footnotes":""},"class_list":["post-1703","page","type-page","status-publish","hentry"],"_links":{"self":[{"href":"https:\/\/www.sogexcube.com\/index.php\/wp-json\/wp\/v2\/pages\/1703","targetHints":{"allow":["GET"]}}],"collection":[{"href":"https:\/\/www.sogexcube.com\/index.php\/wp-json\/wp\/v2\/pages"}],"about":[{"href":"https:\/\/www.sogexcube.com\/index.php\/wp-json\/wp\/v2\/types\/page"}],"author":[{"embeddable":true,"href":"https:\/\/www.sogexcube.com\/index.php\/wp-json\/wp\/v2\/users\/1"}],"replies":[{"embeddable":true,"href":"https:\/\/www.sogexcube.com\/index.php\/wp-json\/wp\/v2\/comments?post=1703"}],"version-history":[{"count":6,"href":"https:\/\/www.sogexcube.com\/index.php\/wp-json\/wp\/v2\/pages\/1703\/revisions"}],"predecessor-version":[{"id":2092,"href":"https:\/\/www.sogexcube.com\/index.php\/wp-json\/wp\/v2\/pages\/1703\/revisions\/2092"}],"up":[{"embeddable":true,"href":"https:\/\/www.sogexcube.com\/index.php\/wp-json\/wp\/v2\/pages\/1653"}],"wp:attachment":[{"href":"https:\/\/www.sogexcube.com\/index.php\/wp-json\/wp\/v2\/media?parent=1703"}],"curies":[{"name":"wp","href":"https:\/\/api.w.org\/{rel}","templated":true}]}}