{"id":1732,"date":"2018-03-03T14:20:28","date_gmt":"2018-03-03T13:20:28","guid":{"rendered":"https:\/\/www.sogexcube.com\/?page_id=1732"},"modified":"2018-04-09T10:14:22","modified_gmt":"2018-04-09T08:14:22","slug":"mission-nouvelles-technologies","status":"publish","type":"page","link":"https:\/\/www.sogexcube.com\/index.php\/missions\/mission-nouvelles-technologies\/","title":{"rendered":"Missions \u00ab Nouvelles technologies \u00bb"},"content":{"rendered":"<p>[vc_row css=\u00a0\u00bb.vc_custom_1451991003825{margin-bottom: 100px !important;}\u00a0\u00bb][vc_column offset=\u00a0\u00bbvc_col-lg-9 vc_col-md-9&Prime;][vc_column_text css=\u00a0\u00bb.vc_custom_1523261663767{margin-top: 40px !important;}\u00a0\u00bb]<\/p>\n<h3 style=\"text-align: justify;\"><span style=\"font-size: 18pt;\">Missions \u00ab Nouvelles technologies \u00bb<\/span><\/h3>\n<p>&nbsp;<\/p>\n<p style=\"text-align: justify;\"><span style=\"font-family: helvetica, arial, sans-serif; font-size: 12pt;\">Les changements technologiques dans l\u2019entreprise et leur impact sur les conditions de travail donnent lieu \u00e0 une information-consultation du comit\u00e9, lequel peut se faire assister d\u2019un expert.\u00a0 Sur ces questions, comme dans les travaux pour les CHSCT, Sogex Cube travaille avec des partenaires sp\u00e9cialis\u00e9s qui partagent une m\u00eame \u00e9thique et constituent un r\u00e9seau de comp\u00e9tences au service des \u00e9lus.<\/span><\/p>\n<p>&nbsp;<\/p>\n<p style=\"text-align: justify;\"><span style=\"font-family: helvetica, arial, sans-serif; font-size: 12pt;\"><strong>Le travail de l\u2019expert\u00a0: <\/strong><\/span><\/p>\n<p style=\"text-align: justify;\"><span style=\"font-family: helvetica, arial, sans-serif; font-size: 12pt;\">Le r\u00f4le de l\u2019expert est d\u2019aider le comit\u00e9 d\u2019entreprise \u00e0 analyser le projet, ses effets sur les salari\u00e9s et d\u2019examiner les modifications apport\u00e9es dans l\u2019organisation et la marche de l\u2019entreprise. Il peut \u00e9galement les aider \u00e0 formuler des pistes d\u2019am\u00e9lioration.<\/span><\/p>\n<p>&nbsp;<\/p>\n<p style=\"text-align: justify;\"><span style=\"font-family: helvetica, arial, sans-serif; font-size: 12pt;\"><strong>Le cadre juridique\u00a0: <\/strong><\/span><\/p>\n<ul>\n<li style=\"text-align: justify;\"><span style=\"font-family: helvetica, arial, sans-serif; font-size: 12pt;\">Articles L2325-38, L2323-29 et 30 et R2325-6-3 du Code du travail<\/span><\/li>\n<li style=\"text-align: justify;\"><span style=\"font-family: helvetica, arial, sans-serif; font-size: 12pt;\">Entreprises d\u2019au moins 300 salari\u00e9s<\/span><\/li>\n<\/ul>\n<p>&nbsp;<\/p>\n<p>[\/vc_column_text][stm_post_bottom][\/vc_column][vc_column width=\u00a0\u00bb1\/4&Prime; offset=\u00a0\u00bbvc_hidden-sm vc_hidden-xs\u00a0\u00bb][stm_sidebar sidebar=\u00a0\u00bb1740&Prime;][\/vc_column][\/vc_row]<\/p>\n","protected":false},"excerpt":{"rendered":"<p>[vc_row css=\u00a0\u00bb.vc_custom_1451991003825{margin-bottom: 100px !important;}\u00a0\u00bb][vc_column offset=\u00a0\u00bbvc_col-lg-9 vc_col-md-9&Prime;][vc_column_text css=\u00a0\u00bb.vc_custom_1523261663767{margin-top: 40px !important;}\u00a0\u00bb] Missions \u00ab Nouvelles technologies \u00bb &nbsp; Les changements technologiques dans l\u2019entreprise et leur impact sur les conditions de travail donnent lieu \u00e0 une information-consultation du comit\u00e9, lequel peut se faire assister d\u2019un expert.\u00a0 Sur ces questions, comme dans les travaux pour les CHSCT, Sogex Cube travaille<\/p>\n","protected":false},"author":1,"featured_media":0,"parent":1653,"menu_order":0,"comment_status":"closed","ping_status":"closed","template":"","meta":{"footnotes":""},"class_list":["post-1732","page","type-page","status-publish","hentry"],"_links":{"self":[{"href":"https:\/\/www.sogexcube.com\/index.php\/wp-json\/wp\/v2\/pages\/1732","targetHints":{"allow":["GET"]}}],"collection":[{"href":"https:\/\/www.sogexcube.com\/index.php\/wp-json\/wp\/v2\/pages"}],"about":[{"href":"https:\/\/www.sogexcube.com\/index.php\/wp-json\/wp\/v2\/types\/page"}],"author":[{"embeddable":true,"href":"https:\/\/www.sogexcube.com\/index.php\/wp-json\/wp\/v2\/users\/1"}],"replies":[{"embeddable":true,"href":"https:\/\/www.sogexcube.com\/index.php\/wp-json\/wp\/v2\/comments?post=1732"}],"version-history":[{"count":8,"href":"https:\/\/www.sogexcube.com\/index.php\/wp-json\/wp\/v2\/pages\/1732\/revisions"}],"predecessor-version":[{"id":2129,"href":"https:\/\/www.sogexcube.com\/index.php\/wp-json\/wp\/v2\/pages\/1732\/revisions\/2129"}],"up":[{"embeddable":true,"href":"https:\/\/www.sogexcube.com\/index.php\/wp-json\/wp\/v2\/pages\/1653"}],"wp:attachment":[{"href":"https:\/\/www.sogexcube.com\/index.php\/wp-json\/wp\/v2\/media?parent=1732"}],"curies":[{"name":"wp","href":"https:\/\/api.w.org\/{rel}","templated":true}]}}